3*w - 2. Let a(r) = -17*g(r) - 6*x(r). Give a(-5).
-6
Let d(j) = 3*j - j**2 + 0*j**2 - 2*j. Let m(f) be the second derivative of f**4/3 - f**3/6 - f**2 + 7*f. Let w(c) = -3*d(c) - m(c). What is w(-4)?
-6
Let w(r) = -r. Suppose -2*p = n + n - 2, 5*p - 5 = -2*n. Let d(q) = -3*q - 1. Let f be d(p). Give w(f).
4
Let x = -8 - -3. Let z(v) = -v**2 - 6*v - 5. Give z(x).
0
Let m(b) = 2*b - 6. Let d be m(4). Let i(v) = v**2 - v + 2. Let u be i(0). Let g(l) = -l - 1 - u*l**d + 2*l - 4*l. Determine g(-2).
-3
Let t(u) = u**2 + 5*u + 7. Suppose 0 = -4*l - 20, 3*o + 5*l = -0*l - 40. Let p be t(o). Let x(g) = -p - g**2 - 7*g + g**2 - g**2. Determine x(-5).
3
Let j = 70 + -65. Let o(m) = -m**2 + 6*m - 5. Calculate o(j).
0
Let r(f) = -f**2 - f + 2. Let b(k) = -k**2 - 3*k - 2. Let c = -7 + 5. Let z be b(c). Suppose 3*i + 3*x + 6 = 7*x, z = 2*i + 4*x + 4. Give r(i).
0
Let j be 0/2 - 1 - -5. Let c(o) = -2*o**2 + j*o + 0*o + 2 - 5. Calculate c(2).
-3
Suppose j + j - 6 = 0. Let q(u) = -3*u + j*u**2 + 1 + 0 - u**3 + 0*u**2. Calculate q(3).
-8
Let b = 6 + -4. Suppose 0 = b*r + 2*r. Let f(v) = v + 3. Calculate f(r).
3
Let i(n) = -66*n**2 + 34*n**2 + 28*n**2 + n**3. Suppose 4 = 3*u - 8. Determine i(u).
0
Let w(x) be the first derivative of 1/4*x**4 - 1 - 2/3*x**3 - 2*x + 1/2*x**2. Give w(3).
10
Let p(q) be the third derivative of 0 + 1/120*q**5 + 0*q - 2*q**2 + 1/2*q**3 - 7/24*q**4. Let w(m) be the first derivative of p(m). Calculate w(4).
-3
Let o(n) = n - 1. Let q be o(-7). Let h = 11 + q. Let p(z) = z**h + 5*z**2 - 3*z**2 - 2 + 0*z**2 - 2*z. Calculate p(-3).
-5
Let s(a) = 2*a**2 + a - 2. Let p(k) be the second derivative of k**3/3 - k. Suppose 0*l - 2*l = -2, 5 = -2*u + 3*l. Let v be p(u). What is s(v)?
4
Let w(n) be the third derivative of n**4/8 - n**3/3 - 10*n**2. Give w(4).
10
Let t(v) be the second derivative of -v**4/12 + v**3/6 + v**2 - 2*v. Let l be 2 + -7 + 1 + 0. Let b(m) = m**3 + 4*m**2 + 2*m + 6. Let h be b(l). Determine t(h).
-4
Let k(a) be the second derivative of -a**3/6 - 2*a**2 + 3*a. Let z(x) = -x**2 + 3*x + 5. Let v be z(5). What is k(v)?
1
Let c(i) = i**2 - i - 3. Let p be 3/(-12) + 26/8. Give c(p).
3
Let r(p) = -2*p - 4. Suppose -34 = -3*l - 4. Suppose -2*d = l - 0. Calculate r(d).
6
Let z(g) = -g + 3. Suppose 0 = -17*m + 20*m - 21. Give z(m).
-4
Let w be (-2)/(-8) + 63/(-12). Let m(v) be the first derivative of -v**2/2 + v + 9. Determine m(w).
6
Let t(d) = -d**3 - 8*d**2 + d + 8. Let q(p) = -p**3 - 7*p**2 + 7. Let h(l) = -3*q(l) + 2*t(l). Suppose -2*r = 3*r - 65. Suppose 5*z + r = -7. Determine h(z).
3
Suppose 3*d + 5 = 14. Let m(z) = -2*z**3 - 2*z**2 + 1 + z**3 - z**d. Suppose 2*o - 6 = 0, w - 6 - 2 = -3*o. What is m(w)?
1
Suppose 0 = -2*c - 11*c + 26. Let n(m) = m**3 - 1. Calculate n(c).
7
Let o = -3 - -15. Let q(t) = 13 - o - 5*t + 3*t. Give q(-1).
3
Suppose 5*t - 10 = g + 6*t, 4*t + 46 = -5*g. Let b(n) = n**3 + 5*n**2 - 3*n - 3. Give b(g).
-21
Suppose 0*v = 18*v + 90. Let q(h) = -h + 2. Determine q(v).
7
Let t(p) = 3*p**2 + 2*p. Let k(w) = 4*w**2 + w - 1. Let o(q) = 2*k(q) - 3*t(q). Let f(c) = -c**3 - 4*c**2 + 5*c - 2. Let m be f(-5). What is o(m)?
2
Let s(a) be the third derivative of 1/15*a**5 + 1/6*a**4 + 1/120*a**6 + 1/6*a**3 + 0 + 0*a - a**2. Give s(-3).
-2
Let r(u) = 2*u - 5. Suppose o = 2*o + m - 6, 2*o - 13 = -3*m. Give r(o).
5
Let h(u) = -5*u**2 + 2*u - 1. Suppose 4*q + 1 = -3*v - 4, 0 = 2*v + 6. Determine h(q).
-4
Suppose 0 = 2*r - 0*r - 6. Suppose -r*v - 2 = -2*q, -3 = -2*v - 2*q - 11. Let p(s) = s**3 + 4*s**2 + 2*s - 1. What is p(v)?
3
Suppose -2*n = 2*n - 5*w - 37, -5*w = -n + 28. Let a(i) = 3*i - 4. Calculate a(n).
5
Suppose d = -4*a + 16, -a - 3*d = -2*d - 7. Let c(p) = -a*p - 2*p + 3 + p. Let v = -2 - -4. What is c(v)?
-5
Let i(s) = 6*s**2 - 1. Let v be ((-9)/(-4))/(6/16). Suppose 3*u + 3 = v. Give i(u).
5
Suppose -2*v - 4*s - 24 = -9*s, 10 = -3*v + s. Let f = -1 + v. Let p(q) = -9*q - 3 - 18*q + 25*q. What is p(f)?
3
Let j(h) = -5*h**3 - h**2. Let w be j(-1). Let b(f) = -1 + w*f - 3*f - 2. Suppose -z - 9*z = -30. What is b(z)?
0
Let f(w) = w**3 + w - 1. Let z(l) = -2*l**3 - 6*l + 5. Let v(m) = 3*f(m) + z(m). Let y(p) = -p + 10. Let h be y(8). Calculate v(h).
4
Let v(w) be the first derivative of -w**4/4 + w**2 - w - 6. Calculate v(1).
0
Let s = 47 - 53. Let l(v) = 2*v**2 - v**2 + 2*v + 5*v. Give l(s).
-6
Let t(q) = 2*q**2 - 3*q + 2. Let i(r) = r + 7. Let l be i(-11). Let o be (-2 - -3)/((-2)/l). Calculate t(o).
4
Let f(w) = 2*w**3 - w**2 - 5*w - 4*w**2 - w**3 - 8. Determine f(6).
-2
Let v = -31 + 31. Let b(p) be the second derivative of p**4/12 + p**3/6 + p. What is b(v)?
0
Let j(t) = -t**2 + 6*t - 6. Suppose 0 = -14*q + 9*q + 20. What is j(q)?
2
Let w(x) = 28*x - 52*x + 5 + 27*x. Suppose 0 = k + 4*k. Let d be k/(-1) + -3 - 1. Give w(d).
-7
Let w(j) = -j**2 + j. Let t(h) = 5*h**2 - 4*h. Let b(k) = t(k) + 4*w(k). Determine b(-1).
1
Let i(j) be the second derivative of -j**6/240 - j**5/120 + j**4/12 + 2*j. Let m(h) be the third derivative of i(h). Determine m(-1).
2
Let w(q) = -10*q - 5. Let c be 3/(-6)*-4 - -2. Let t = -2 - 1. Let b(o) = -9*o - 4. Let g(k) = c*b(k) + t*w(k). What is g(1)?
-7
Suppose 0 = m - 0 + 1. Let f be 6/(-9)*(m + 7). Let s(k) = 1. Let r(n) = -n**3 + 2*n**2 + n - 3. Let a(i) = f*s(i) - r(i). Determine a(3).
5
Let y = 3 + 0. Let d(b) be the first derivative of b**4/4 - 2*b**3/3 + b**2 - 3*b + 6. Determine d(y).
12
Suppose -21 = -3*m - 3. Let o = 10 - m. Let h(q) = -q + 1. Determine h(o).
-3
Let i(d) be the second derivative of -d**3/3 + d**2 + d. Let z = 217 - 215. Give i(z).
-2
Let w(h) = h**3 + 2*h**2 + 2. Let t(f) = -6*f + 3. Let q be t(1). Give w(q).
-7
Let n(l) = l**3 - 3*l**2 + l - 1. Suppose -5*s + 13 = -2*y, 0 = 5*y - s - 1 - 1. Let c(v) = -2 - v**3 - 2*v + 3 + 4*v**3. Let m be c(y). Give n(m).
-3
Let r(d) = -d**2 + d - 1. Let m(x) = -x**2 - 1. Let l(o) = -7*o**2 + 4*o + 2. Let y(u) = -l(u) + 2*m(u). Let k(s) = 4*r(s) + y(s). Give k(0).
-8
Let s = -7 + -3. Let t = -6 - s. Let u(z) = -z**3 + 3*z**2 + 7*z - 6. Give u(t).
6
Let p(l) = 3*l - 2. Suppose 4*g + 37 = 5*u, -4*g = 2*u + 2*u - 8. Suppose -8 = 4*a - 2*y - 26, 2*y = -u*a. Determine p(a).
4
Let u(h) = -3*h + 2. Let y(g) = -6*g + 4. Let j(o) = -13*u(o) + 6*y(o). Give j(2).
4
Let h(r) = -r**2 + r + 3. Let g(v) be the third derivative of -v**6/120 + v**4/24 + 2*v**3/3 + 2*v**2. Let z be g(0). Suppose 4*p + 8 = -z. What is h(p)?
-9
Let a(r) = -r**2 + 1. Let j be 16/6*(-36)/(-12). Suppose -j*y = -2*y - 12. Calculate a(y).
-3
Let a(x) = -3 - x + 12 - 9. Give a(3).
-3
Let j(v) = 6*v**2. Let q be 1/(2/(-4)*-2). Let b be j(q). Let t(r) = 4 - 4 + r. What is t(b)?
6
Let h(y) = y**2 + 5*y - 5 - 2*y**2 + 0*y**2. Let b(x) be the first derivative of -x**3/3 + 3*x**2 - x - 1. Let i be b(5). Calculate h(i).
-1
Let u(s) be the third derivative of s**6/120 + s**5/10 - s**4/12 - 4*s**3/3 + 19*s**2. What is u(-6)?
4
Let h(a) = -5*a + 1. Let o(l) = -2*l. Let x(f) = -3*h(f) + 7*o(f). Determine x(-3).
-6
Let g = 8 + -5. Suppose 0 = c - 4*c - 3. Let n = c - g. Let z(p) = p**2 + 3*p + 1. Determine z(n).
5
Let x(n) = -3*n**3 - n + 0 + 2*n**3 - 1 + 4*n**2. Let k be x(3). Suppose 0 = q, 2*q = -4*z + 3*z + k. Let c(v) = -v**3 + 5*v**2 + 2*v - 6. Give c(z).
4
Let h be 8/(-2) - (-3 + 0). Let k be (-2)/(-6) + (-4)/12. Let j(s) = k*s - 2*s - 3*s. What is j(h)?
5
Let h(b) = -b**3 + 7*b**2 - 5*b - 5. Let s(x) = x - 2. Let a be s(2). Let f be 11 - (a - (-1 + 2)). Suppose 4*z = 2*z + f. Determine h(z).
1
Let u(b) = -b + 3. Let s be (-3 + 1 + 3)/1. Let h be (5 - 9)/(s/1). Calculate u(h).
7
Let d(o) = o**3 + o**2 - o - 2. Let u(v) = 2*v**3 + 2*v**2 - 2*v - 4. Let h(b) = -5*d(b) + 3*u(b). Calculate h(2).
8
Let q(m) = -m**2 - m + 2. Let s be (6 - 0) + (-45)/(-15). Let n = -7 + s. What is q(n)?
-4
Let b(l) = l**2. Suppose -4*n - 4*f + 2*f + 8 = 0, -5*n - 4*f = -13. Give b(n).
1
Let d be 54/(-10) - 3/5. Let i(l) = -5*l + 9. Let o(r) = 4*r - 8. Let m(p) = d*o(p) - 5*i(p). Determine m(-3).
0
Let t be 2 + -1 - (0/(-2))/(-3). Let a(z) = -7*z + 1. What is a(t)?
-6
Let f(x) be the first derivative of x**2 - 4*x - 1. What is f(5)?
6
Suppose 1 = -m + 3. Let q(k) = m*k - k - 1 + 2. Calculate q(0).
1
Let k = 2 - -1. Let t(v) = -5*v**3 - 4 + 3*v**3 + v**3 + 3*v**2. Calculate t(k).
-4
Let u(i) 